
27
What is the remainder when 58626 is divided by 11707?
91
Calculate the remainder when 166249 is divided by 83106.
37
Calculate the remainder when 8932 is divided by 8923.
9
What is the remainder when 21929 is divided by 1142?
231
Calculate the remainder when 58741 is divided by 73.
49
What is the remainder when 2552 is divided by 1418?
1134
What is the remainder when 1077 is divided by 987?
90
What is the remainder when 1250397 is divided by 107?
102
Calculate the remainder when 59244 is divided by 28.
24
Calculate the remainder when 3493 is divided by 973.
574
Calculate the remainder when 12617 is divided by 4196.
29
Calculate the remainder when 13063 is divided by 459.
211
Calculate the remainder when 33579 is divided by 436.
7
Calculate the remainder when 32822 is divided by 93.
86
What is the remainder when 1826856 is divided by 14?
10
What is the remainder when 15722 is divided by 2604?
98
What is the remainder when 4479575 is divided by 1715?
1710
Calculate the remainder when 63529 is divided by 26.
11
What is the remainder when 5815 is divided by 20?
15
Calculate the remainder when 65455 is divided by 28.
19
What is the remainder when 559 is divided by 228?
103
What is the remainder when 34253 is divided by 188?
37
Calculate the remainder when 4680 is divided by 129.
36
Calculate the remainder when 730689 is divided by 10.
9
Calculate the remainder when 27485 is divided by 147.
143
Calculate the remainder when 15567 is divided by 268.
23
Calculate the remainder when 1078343 is divided by 8.
7
Calculate the remainder when 14781 is divided by 704.
701
What is the remainder when 1423 is divided by 99?
37
What is the remainder when 9562 is divided by 91?
7
What is the remainder when 919974 is divided by 1276?
1254
Calculate the remainder when 2567 is divided by 1255.
57
Calculate the remainder when 510 is divided by 16.
14
Calculate the remainder when 35258 is divided by 801.
14
Calculate the remainder when 9183 is divided by 418.
405
What is the remainder when 35817 is divided by 873?
24
What is the remainder when 277273 is divided by 25?
23
Calculate the remainder when 2330 is divided by 57.
50
Calculate the remainder when 10062 is divided by 191.
130
What is the remainder when 30042 is divided by 30026?
16
Calculate the remainder when 228334 is divided by 13431.
7
Calculate the remainder when 1644 is divided by 114.
48
What is the remainder when 17895 is divided by 690?
645
Calculate the remainder when 89870 is divided by 1910.
100
What is the remainder when 7200 is divided by 265?
45
What is the remainder when 144 is divided by 104?
40
What is the remainder when 7595 is divided by 330?
5
What is the remainder when 12690 is divided by 409?
11
Calculate the remainder when 18184 is divided by 6057.
13
Calculate the remainder when 62314 is divided by 3279.
13
What is the remainder when 336381 is divided by 219?
216
Calculate the remainder when 133864 is divided by 373.
330
Calculate the remainder when 13702 is divided by 178.
174
What is the remainder when 36567 is divided by 18246?
75
Calculate the remainder when 10175 is divided by 10143.
32
Calculate the remainder when 14560 is divided by 3636.
16
Calculate the remainder when 96519 is divided by 183.
78
Calculate the remainder when 167235 is divided by 2.
1
Calculate the remainder when 83336 is divided by 463.
459
What is the remainder when 361259 is divided by 45?
44
What is the remainder when 3372 is divided by 96?
12
What is the remainder when 101105 is divided by 157?
154
What is the remainder when 150160 is divided by 2679?
136
What is the remainder when 61259 is divided by 27?
23
What is the remainder when 4977 is divided by 178?
171
What is the remainder when 4398 is divided by 829?
253
What is the remainder when 51770 is divided by 51712?
58
Calculate the remainder when 7398 is divided by 1663.
746
Calculate the remainder when 7905 is divided by 54.
21
What is the remainder when 26509 is divided by 9?
4
What is the remainder when 11631 is divided by 47?
22
What is the remainder when 166800 is divided by 10?
0
What is the remainder when 6752 is divided by 15?
2
What is the remainder when 1098 is divided by 79?
71
Calculate the remainder when 1706 is divided by 21.
5
Calculate the remainder when 536173 is divided by 92.
89
Calculate the remainder when 141224 is divided by 537.
530
What is the remainder when 986 is divided by 33?
29
What is the remainder when 2915 is divided by 528?
275
Calculate the remainder when 19492 is divided by 153.
61
What is the remainder when 17091 is divided by 1705?
41
What is the remainder when 12609 is divided by 26?
25
What is the remainder when 1041 is divided by 38?
15
Calculate the remainder when 92780 is divided by 15463.
2
What is the remainder when 727802 is divided by 14?
12
What is the remainder when 62111 is divided by 201?
2
Calculate the remainder when 40679 is divided by 411.
401
What is the remainder when 684 is divided by 278?
128
Calculate the remainder when 13472 is divided by 95.
77
Calculate the remainder when 7320 is divided by 1464.
0
Calculate the remainder when 3403 is divided by 206.
107
What is the remainder when 122266 is divided by 1359?
1315
Calculate the remainder when 470227 is divided by 10.
7
What is the remainder when 17825 is divided by 23?
0
What is the remainder when 4265 is divided by 478?
441
What is the remainder when 49619 is divided by 5?
4
What is the remainder when 21119 is divided by 44?
43
What is the remainder when 2461556 is divided by 13?
6
What is the remainder when 16930 is divided by 8460?
10
What is the remainder when 2082782 is divided by 562?
10
Calculate the remainder when 27128 is divided by 9026.
50
Calculate the remainder when 7316 is divided by 431.
420
What is the remainder when 356498 is divided by 178244?
10
What is the remainder when 5413 is divided by 108?
13
What is the remainder when 1497 is divided by 27?
12
What is the remainder when 368393 is divided by 331?
321
What is the remainder when 5339 is divided by 21?
5
Calculate the remainder when 230181 is divided by 556.
553
Calculate the remainder when 342184 is divided by 78.
76
Calculate the remainder when 563903 is divided by 24.
23
What is the remainder when 166008 is divided by 954?
12
What is the remainder when 44538 is divided by 34?
32
What is the remainder when 35362 is divided by 304?
98
What is the remainder when 1659 is divided by 1212?
447
Calculate the remainder when 3847 is divided by 160.
7
Calculate the remainder when 572897 is divided by 5.
2
What is the remainder when 1052252 is divided by 19?
13
What is the remainder when 1478 is divided by 728?
22
What is the remainder when 182393 is divided by 45589?
37
What is the remainder when 308 is divided by 101?
5
What is the remainder when 2068145 is divided by 54?
53
What is the remainder when 17421 is divided by 46?
33
Calculate the remainder when 634593 is divided by 21882.
15
Calculate the remainder when 5031 is divided by 268.
207
What is the remainder when 768217 is divided by 938?
933
Calculate the remainder when 631012 is divided by 464.
436
Calculate the remainder when 227329 is divided by 60.
49
What is the remainder when 14424 is divided by 917?
669
What is the remainder when 152767 is divided by 104?
95
Calculate the remainder when 49731 is divided by 24860.
11
What is the remainder when 1707 is divided by 233?
76
What is the remainder when 2441 is divided by 362?
269
What is the remainder when 15243 is divided by 5079?
6
Calculate the remainder when 21708 is divided by 1185.
378
Calculate the remainder when 878989 is divided by 5295.
19
What is the remainder when 17546 is divided by 2193?
2
What is the remainder when 195 is divided by 154?
41
What is the remainder when 32335 is divided by 110?
105
Calculate the remainder when 107329 is divided by 269.
267
What is the remainder when 75363 is divided by 166?
165
What is the remainder when 26014 is divided by 43?
42
Calculate the remainder when 357476 is divided by 12.
8
Calculate the remainder when 18254 is divided by 763.
705
Calculate the remainder when 455380 is divided by 81.
79
What is the remainder when 3405 is divided by 485?
10
Calculate the remainder when 8701 is divided by 13.
4
What is the rema